e (-2)/((-7)/(-2) - 4). Let n(g) = -6*g + 8. Let d(v) = v - 1. Let m(b) = 3*d(b) + n(b). Calculate m(j).
-7
Let n(h) = 4*h**3 - h**2 - 3*h - 3. Suppose d - 8 = 4*y, y + 4*d = 3*y - 10. Let z(r) = 3*r**3 - r**2 - 2*r - 3. Let s(t) = y*z(t) + 2*n(t). Calculate s(3).
-15
Let r(v) be the first derivative of -v**4/4 + 4*v**3/3 + v + 1. Let i be 25/7 - (-33)/77. Calculate r(i).
1
Let n(y) = 6 - 6 - 3*y. What is n(3)?
-9
Let a(b) = b**3 + 11*b**2 + 10*b - 4. Let f be a(-10). Let i(y) = y**2 + 5*y. Calculate i(f).
-4
Let f = -8 - -18. Suppose 2*q = -6, -2*q + f = y - 5*q. Let m(d) = 2 - 3 + 6*d + 0 - 4*d - d**2 - 3*d**3. What is m(y)?
-3
Let i(r) = -27*r**3 + 9*r**2 - 4*r + 7. Let k(d) = -13*d**3 + 5*d**2 - 2*d + 4. Let h(j) = -3*i(j) + 5*k(j). Determine h(1).
15
Let d be (-4)/22 - 126/33. Let w(r) be the second derivative of -1/3*r**3 + 0 - 3/2*r**2 + r. What is w(d)?
5
Let h(l) = 4*l**3 - 33*l**2 - 23*l + 13. Let i(s) = -s**3 + 8*s**2 + 6*s - 3. Let v(q) = -2*h(q) - 9*i(q). Calculate v(7).
-6
Suppose -5*s - 5 = 5*w, -2*w + w - 7 = -2*s. Let k(f) = 2*f - 4*f**3 - 3 + 3*f**3 + 2. Determine k(s).
-5
Suppose -d - h + 5*h + 19 = 0, -3*d = 2*h - 1. Let u(o) = d*o - o - o**2 + 4*o - 3. Let g(y) = 2*y - 4. Let t be g(4). What is u(t)?
5
Let d(x) = -2*x**2 - 3*x - 1. Suppose 4*m + m + 10 = 3*k, 4*k + 3*m - 52 = 0. Let g = -6 + k. Suppose 3*u = g*u + 2. Give d(u).
-3
Let a(q) be the third derivative of 5*q**4/24 - q**2. Suppose 5 = -7*p + 2*p. Let s be (-3)/6*(p - 1). Calculate a(s).
5
Let r(w) = 2*w - 5 - 2*w + 6 - 3*w**2. Determine r(-1).
-2
Let d(o) = o**2 + 4*o - 6. Let l be d(-6). Let j(q) = 3*q + 4*q - l*q. What is j(-4)?
-4
Suppose 3*p - 24 = -0. Let j(k) = -2*k + 1 - 2 - p*k + 0*k. Give j(1).
-11
Let c(y) = 9*y**2 + 5*y - 2. Let d(h) = -5*h**2 - 3*h + 1. Let k(v) = 6*c(v) + 11*d(v). Calculate k(-1).
1
Let f(s) = s**2 - s - 2. Suppose 8*c - 3*c + 5 = 0. Let d(k) = -2*k + 0 - 3*k**2 + 0*k**2 - 1. Let i be d(c). What is f(i)?
4
Let x(n) = n**2 - 3*n - 1. Let j be (-3)/(-2)*(-40)/(-12). Determine x(j).
9
Let t(a) = -7*a**2 - 7*a + 3. Let w(h) = -15*h**2 - 14*h + 7. Suppose -3*c - 15 = 3*i, 2*i - 6*i - 23 = c. Let y(x) = i*w(x) + 13*t(x). Give y(-6).
3
Let h(r) = -r**2 - r + 2. Let j be h(2). Let u = -2 + j. Let v(y) = -y**2 - 7*y - 8. What is v(u)?
-2
Let a(v) be the third derivative of 1/12*v**5 + 0*v - 3/2*v**3 + 0 - 6*v**2 - 1/120*v**6 + 3/8*v**4. Give a(6).
9
Let n(y) = 4*y + 4. Let j(l) be the second derivative of -l**3/6 + 3*l**2/2 + l. Let b be j(4). Let c be (-2)/b - (-5 - -10). Determine n(c).
-8
Let y(l) = 5*l + l**2 + 3*l**3 + 5*l**2 - 2*l**3. Suppose -19 = -4*m + 5*q, 3 = -2*q + q. Let u(b) = -6*b**2 + 2*b - 1. Let d be u(m). Give y(d).
0
Let y = -21 - -22. Let k(c) = 0 + y + c + 5. Determine k(5).
11
Suppose 0*g = 4*g. Let a be (-10)/8 - 2/(-8). Let s(r) = 4*r**2 - 4*r - 1. Let n(y) = y**2 - y + 1. Let o(q) = a*s(q) + 5*n(q). What is o(g)?
6
Let l(u) be the second derivative of -u**4/12 - u**3/3 - 5*u. Calculate l(2).
-8
Suppose -r = -0*r + 9. Let s(x) = -x**2 - 10*x - 2. Give s(r).
7
Let u(x) = 7*x**2 - x + 3. Let m(z) = z**2 + 1. Let v(t) = 6*m(t) - u(t). Suppose 5 = a + 1. Calculate v(a).
-9
Let u(y) be the first derivative of 17*y**3/3 - y**2/2 - 3. Determine u(1).
16
Let j(s) = 1 - s - s + 1. Let z(h) = -h + 7. Let b be z(8). Let u be -2 - 0/(b*3). Give j(u).
6
Let m(g) = -4*g**2 + g - 1. Let x(w) = w**3 - 5*w**2 - 7*w + 8. Let a(i) = 3*i - 15. Let n be a(7). Let v be x(n). Calculate m(v).
-15
Let a(h) = -h**2 - 14*h + 19. Let k be a(-15). Let m(d) = d**3 - d**2 - 5*d - 3. What is m(k)?
25
Suppose 4 = 2*j - 0*j. Let p(s) = -2*s**3 + 4 + 2*s + 5*s**2 - 2*s**j + s**3. Let z be -5*(-1 + 3/15). Give p(z).
-4
Suppose -3*g + 9 + 0 = 0. Let s = 0 - -3. Let q(j) = 5*j + 0*j**3 + 0*j**3 - g*j**3 + 4*j**2 + 7 + 2*j**s. Calculate q(5).
7
Let u be 1/4 - 212/16. Let w = u + 13. Let l(j) = 7*j**2 + 7*j - 6. Let q(m) = -15*m**2 - 15*m + 12. Let p(d) = 13*l(d) + 6*q(d). Determine p(w).
-6
Let c(j) = 2*j**2 - 2. Let b(n) be the second derivative of -n**3/6 + 7*n**2/2 - 3*n. Let q be b(5). Give c(q).
6
Let n(l) = -2*l - 3. Let w(i) = 3*i - 26. Let k be w(7). Give n(k).
7
Let q(i) = -i - 8. Let s(p) = p**2 - 9*p + 2. Let b be s(10). Let f = b - 19. What is q(f)?
-1
Let m(d) = d**2 - 9*d + 8. Let l(b) = -b + 8. Let h be l(1). Give m(h).
-6
Let p(r) be the second derivative of 0 - 1/6*r**3 + 3*r - 5/2*r**2. Calculate p(0).
-5
Let m(g) be the third derivative of -g**4/12 + g**3/6 - 12*g**2. Determine m(-5).
11
Let a be 1 + 1 + -2 + 0. Let i = a - 3. Let o(s) = s + 3*s + s - 3*s + 3. What is o(i)?
-3
Let f = -18 + 23. Let p(g) = g - 5. Calculate p(f).
0
Let l(f) = -2*f**2 + 8*f + 7. Let a(r) = 3*r**2 - 8*r - 7. Let v(c) = 3*a(c) + 4*l(c). Let b be (-7 - 0) + (2 - 1). What is v(b)?
-5
Let j be -2*(-2 + 3/6). Let q be (-4)/2 + 3*2. Suppose 4*p + u + 2 - 23 = 0, -32 = -j*p - q*u. Let w(l) = l**3 - 5*l**2 + 6*l - 4. Give w(p).
4
Let q(c) = -3*c - 2. Suppose 6*d - d + 15 = 0. Let p(l) = 4*l + 1. Let s(x) = d*p(x) - 2*q(x). Determine s(1).
-5
Suppose f = -2*t - 1, -4 + 10 = -3*t. Let h(g) = -2*g + 4*g**2 + 0 - 5 + 2 + 5*g + g**f. Give h(-3).
-3
Suppose -4*k + 2 - 14 = 0. Let j(c) = 6*c. Let z(u) = 12*u - 1. Let v(f) = k*z(f) + 5*j(f). Determine v(2).
-9
Suppose 3*n + 2 = -1. Let w(o) be the second derivative of o**4/4 - o**2/2 - o. Give w(n).
2
Let o(n) be the third derivative of -n**5/60 - 2*n**3/3 + 5*n**2. Give o(3).
-13
Let d(t) be the first derivative of t**2 - 9*t - 3. What is d(6)?
3
Let y(w) = -2 + 4*w**2 + 4*w - 6*w**2 + 5 + w**2. Determine y(4).
3
Let w = 0 + 2. Let i(k) = -3 + 4 + k + w*k. Let x = 13 + -11. What is i(x)?
7
Let y(g) = -7*g**3 - 6*g - 5*g**2 + 9*g + 7*g**3 - 4 + g**3. Determine y(4).
-8
Let v(n) = 2*n - 2. Let a be (-7)/(-21)*5*-3. Calculate v(a).
-12
Suppose 5*s - 4*d = 2*s, 0 = 4*d + 12. Let c = 10 + s. Let z(h) = -h**3 + 7*h**2 - 6*h + 5. Calculate z(c).
5
Let s(w) = -5 + 6*w**2 - w**3 + 2 + 3*w - 4*w**2. Suppose 5*r - 1 = 19. Suppose r = m + m. Calculate s(m).
3
Let g(j) = j + 7. Let d be g(-6). Let i(u) = -7*u**3. Calculate i(d).
-7
Let l(t) = 7*t + 4. Let q(o) = -o**3 - 4*o**2 + 14*o + 8. Let b be q(-6). Give l(b).
-24
Let c(r) = -r**3 - 7*r**2 - 7*r - 8. Let d(g) = -g**3 - 8*g**2 - 6. Let q be (12 - 4)*-1*1. Let a be d(q). Calculate c(a).
-2
Suppose -2*i = -u + 5, 3*i = -3*u - 2*i + 37. Suppose 3*t - y - u = -t, 5*y = -5. Let g be 3 - -2 - t - 1. Let w(f) = -f. Give w(g).
-2
Let l(o) = o**3 + o**2 - o - 1. Suppose -3*p - 18 = -i + p, -4*i - 4*p - 28 = 0. What is l(i)?
-3
Let z(k) = -k**3 - 13*k**2 + 14*k - 10. Let a be z(-14). Let y(s) = s**2 + 12*s + 15. Give y(a).
-5
Let v(x) = -x + 8. Let z(j) = j**2 + 3*j - 6. Let y be z(-5). Suppose 0 = y*g - 23 + 3. Give v(g).
3
Let f(b) = b + 5. Suppose 2*h + 21 = -h. Let j be f(h). Let p be (-1)/(-2) - (-5)/j. Let v(a) = a**3 + 4*a**2 + 3*a. Determine v(p).
2
Let b = 1 + 1. Suppose 0 = b*w - 3*w + 5. Let i(z) = z**3 - 4*z**2 - 8*z + 6. Determine i(w).
-9
Let q(h) = 2*h**2 - 5*h + 7. Let w(c) be the second derivative of c**4/4 - 7*c**3/6 + 11*c**2/2 + c. Let o = 2 - 10. Let y(d) = o*q(d) + 5*w(d). Calculate y(5).
-1
Let v = -6 - -2. Let u(n) = 2*n + 1. Give u(v).
-7
Let q be (1 + 0)*(-1 - 1). Let c = 1 - q. Let j(g) = 0*g**2 + 0*g - g**2 + 4*g. Calculate j(c).
3
Let c(l) = l**3 + 3*l**2 - 5*l - 2. Let u(z) = -z**3 - 3*z**2 + 5*z + 2. Let a(p) = 4*c(p) + 3*u(p). What is a(-4)?
2
Let c(u) = -u + 5. Let o be c(5). Let f(a) = 4*a + a**2 + o*a - a. Let b = 2 - 4. Calculate f(b).
-2
Let u(i) = -7*i + 3. Let x be 28/5 + (-12)/20. Let m(q) = -7*q + 3. Let j(l) = x*m(l) - 6*u(l). Give j(2).
11
Let s(y) = -y**3 - y. Let i be s(0). Let j(g) = -2*g - 7. Let x(a) be the first derivative of -3*a**2/2 - 13*a - 1. Let q(v) = 5*j(v) - 3*x(v). Give q(i).
4
Let r be (4 + -2)*1/2. Let q(b) = 34*b - 40*b + 9 - 8. Determine q(r).
-5
Suppose -11 + 3 = g. Let f(d) = -d - 11. Determine f(g).
-3
Let w(j) be the third derivative of -1/60*j**5 + 2*j**2 + 0 + 0*j - j**3 + 1/4*j**4. Calculate w(6).
-6
Let i(o) be the third derivative of o**7/840 + o**6/72 - o**5/60 - 7*o**4/24 - o**3 + 6*o**2. Let t(a) be the first derivative of i(a). Calculate t(-5).
3
Let u(t) = -5*t**2 + 4*t - 7. Let p(x) = -2*x**2 + 2*x - 3. Let s